 by 17?
14
Let x(c) = -318*c - 935. What is the remainder when 0/6 - (1 - 52) is divided by x(-3)?
13
Suppose 35*u = 34*u - 2. Let y be (15/(-45))/(u/18). Suppose 18 + 3 = y*g. Calculate the remainder when 11 is divided by g.
4
Let q(i) = -5*i**2 - 50*i - 10. What is the remainder when (436/(-16) + 2)/((-1)/4) is divided by q(-9)?
31
Let k be (-56)/(-392) - (54/(-14) + -1). Suppose -3*d = -3 - 6, 4*d + 508 = k*p. What is the remainder when p is divided by 29?
17
Suppose -378 = -j - 2*p, 4*j - 1195 = 4*p + 269. Calculate the remainder when 376 is divided by j.
6
Let g = 7 - -10. Suppose 17*b = 4481 - 3750. What is the remainder when b is divided by g?
9
Suppose -q = 1055 - 1051, -p + 18 = -2*q. What is the remainder when 196 is divided by p?
6
Suppose 0 = c + 3*q - 187, 3*q - 2*q + 4 = 0. Let d = c + -188. Calculate the remainder when 44 is divided by d.
0
Suppose -u - 434 = -6*u - 4*h, 0 = 2*u + 5*h - 177. Calculate the remainder when u is divided by (-13)/(-38)*44/143 + (-832)/(-38).
20
Suppose -4*r + 0*u + 464 = -3*u, r = 3*u + 116. Let j = -104 + r. Calculate the remainder when 2/(-5) - 237/(-5) is divided by j.
11
Let h = 8239 + -8178. Calculate the remainder when 1215 is divided by h.
56
Suppose -58*o + 1156 = -56*o. Let z = 666 - o. Calculate the remainder when 1494 is divided by z.
86
Let r(x) = 4*x**2 - 13*x + 51. Suppose -23*a + 25*a - 6 = 0. Calculate the remainder when r(a) is divided by 11.
4
Suppose 21*a - 32907 + 9324 = 0. Calculate the remainder when a is divided by 25.
23
Let k(s) = -701*s - 3193. What is the remainder when k(-33) is divided by 49?
46
Let l(b) = 66*b + 84. Let w = -205 + 208. What is the remainder when l(w) is divided by 5?
2
Suppose 2*o - 4*y + 194 = 0, -4 = -0*y + y. Let a = -119 - o. Calculate the remainder when 18 is divided by (-231)/a*(-6)/(-9).
7
Let d be -237*(1 - (-2)/(-3)). Let o be 5 - (-1404)/(-72)*(0 - 4). Let k = d + o. What is the remainder when 19 is divided by k?
3
Let u = 912 - 844. Calculate the remainder when 456 is divided by u.
48
Let s = 21 + -6. Suppose -4*m + 3*q + 337 = 0, -q = -6*q - s. Calculate the remainder when m is divided by (-7)/(26/78*-1).
19
Suppose -q + 191 = s - 3*s, -4*s - 2*q = 386. What is the remainder when 11 is divided by 4 + s/21 - 75/(-21)?
2
Let i = -45 - -47. Suppose 106 = -3*p - i*f + 276, 0 = -2*f + 8. Let r = -41 + p. What is the remainder when 30 is divided by r?
4
Suppose 4*a + 4 = 0, w - 3*a = -2*w + 6. Calculate the remainder when (-7 + 116)*(1 - (0 - w)) is divided by 44.
42
What is the remainder when 1516 is divided by (50/15)/((-3 - (-100)/12) + -5)?
6
Let s(i) = -i**3 - 5*i**2 + 8. Let t be s(-6). Suppose -5*z + t = -3*z. Calculate the remainder when z is divided by 12 + (0 - 1) + 1.
10
Let y = -205 + 308. What is the remainder when y is divided by 409200/16400 + 2/41?
3
Let m(o) = -o**3 + 27*o**2 - 30*o + 6. Let l be m(27). Let f be (-2)/(-6) - (l/18 + -2). Suppose -4*b + 123 = f. What is the remainder when b is divided by 3?
1
Suppose 0 = 6*k - 2*k - 2*n - 52, 4*n - 52 = -5*k. Let g = 559 - 855. What is the remainder when (g/(-20))/(2/5) is divided by k?
1
Suppose 0 = -15*g + 460 + 5. Let m(q) = q + 11. What is the remainder when 249 is divided by m(g)?
39
Suppose n - 118 = -5*g, 0 = -3*n - 2*g + 325 - 23. Let l(j) = 13 - 3*j + 2*j + 2*j. What is the remainder when n is divided by l(-3)?
8
Suppose -85*b + 29316 = -b. Calculate the remainder when b is divided by 147.
55
Suppose 9*m - 132 = 6*m + 3*h, 0 = -m - 2*h + 62. Calculate the remainder when 1357 is divided by m.
7
Let o(g) = 2*g**2 - 52*g - 648. Calculate the remainder when 108 is divided by o(-10).
36
Let b = 39 + 1. Let n = b - 40. Suppose 5*v + 6*k - 2*k - 428 = 0, n = -4*k + 8. What is the remainder when v is divided by 22?
18
Suppose 62*j + 1615 = 45*j. Let q = 114 + j. Calculate the remainder when q is divided by ((-9)/2)/((-6)/12).
1
Let b = -6934 + 7063. Calculate the remainder when b is divided by 22.
19
Let o = -127 + 150. Suppose 24*u = o*u + 54. Calculate the remainder when u is divided by 29.
25
Let p(y) = -y**3 - 17*y**2 + 38*y + 25. Let q be (-18)/(-30) + (-472)/20 + 4. Calculate the remainder when 173 is divided by p(q).
23
Suppose -l = l - 12. Suppose -322 = -l*a + 38. Let c = 1736 + -1723. What is the remainder when a is divided by c?
8
Let j(a) = 4*a + 3. Suppose 99*m + 368 = 103*m + 4*l, m + 3*l - 96 = 0. Calculate the remainder when m is divided by j(5).
21
What is the remainder when 1933 is divided by 744/465 + ((-764)/(-10) - 4)?
9
Let g = -1544 - -1572. What is the remainder when 2180/35 + 4/(-14) is divided by g?
6
Let r be 66/110 + 4/(20/147). What is the remainder when 172 is divided by (-4313)/(-285) - 4/r?
7
Let q = -9482 - -10020. What is the remainder when q is divided by 94?
68
Suppose -5*r = 4*h - 25, 6 = 5*r + 2*h - 19. Let p(g) = g**2 + 7*g - 5. Let v(t) = -5*t - 6. What is the remainder when p(r) is divided by v(-7)?
26
Let w(r) = -3*r + 250. Let j be w(47). Suppose j = 3*o - 5. What is the remainder when o is divided by 9?
2
Let z(c) = 12*c**2 - c**3 + 8*c - 6*c**2 - 16 - 16*c**2. Let d be 3/7 - 160/14. Calculate the remainder when z(d) is divided by 10.
7
Let t = 0 + 40. Let s be (0/24)/(-7 + 1). Suppose s*i - 788 = -4*i. What is the remainder when i is divided by t?
37
Suppose -7 = p, 81*l - 80*l = 2*p + 23. What is the remainder when 493 is divided by l?
7
Suppose -50*t - 662 = -4*b - 53*t, t = -b + 165. Suppose -5*r = 2*r - 301. Calculate the remainder when b is divided by r.
38
Suppose -3*m + 47 = -3*n - 7, -70 = -5*m - 5*n. Let p(f) = -2*f**2 + 34*f - 18. Calculate the remainder when 111 is divided by p(m).
13
Let f(k) = 22*k**2 - k - 31. Let p be f(5). Let z = p + -365. Calculate the remainder when z is divided by 50.
49
Let l(v) = -v**2 - 14*v + 42. Suppose 0 = 2*b - q - q + 22, 3*b + 4*q = -61. Calculate the remainder when 128 is divided by l(b).
20
Let s(p) = -7*p + 67. Let u be s(11). Let t(g) = -14*g - 115. What is the remainder when t(u) is divided by 3?
1
Let j = -43 - -48. Suppose -2*n + 45 + 63 = 4*x, -j*n = -3*x + 81. What is the remainder when (-3*498/x)/(4/(-6)) is divided by 28?
27
Calculate the remainder when (-1)/((-185)/(-873) - 22/99) is divided by 10.
7
Suppose -86 = -u - 2*y + 26, u = -3*y + 107. What is the remainder when 957 is divided by u?
103
Let u(y) = 0*y**2 + 2*y**2 + y**2 - 3*y + y. Suppose 4*q - 2*q - 3*f - 54 = 0, q - 3*f = 33. Calculate the remainder when q is divided by u(2).
5
Suppose 46*p - 635 - 1113 = 0. Suppose -p*n + 1344 = -26*n. Let c(q) = 4*q**2 - 2*q + 1. Calculate the remainder when n is divided by c(4).
55
Let l = -17778 + 17811. Suppose -2*d - k - 7 = -6*k, d - 16 = -4*k. Calculate the remainder when (130/(-4))/(d/(-8)) is divided by l.
32
Let n(w) = -w**3 + w**2 + w + 3. Let f be n(0). Let b(d) = -2*d**2 + 8*d + 2. Let z be b(4). What is the remainder when (-1470)/(-63)*f/z is divided by 4?
3
Let d = 4913 - 4846. What is the remainder when 300 is divided by d?
32
Let r = -69 - -238. Let w = r - 71. What is the remainder when w is divided by 4?
2
Let u = -72 - -19. Let l = 88 + -162. Let q = u - l. What is the remainder when 82 is divided by q?
19
What is the remainder when (-2)/(4/(-146))*((-364)/(-26) - 7) is divided by 142?
85
Suppose -9*u = -4*u - 155. Calculate the remainder when (4 - 0)*5/(-20) - -144 is divided by u.
19
Suppose 1872 = t + 343. What is the remainder when t is divided by 53?
45
Let k = 1297 - 1220. Calculate the remainder when 1767 is divided by k.
73
Let j = 15 - 6. Suppose j*p + 54 = 11*p. Suppose -p = -z - 0. What is the remainder when 79 is divided by z?
25
Let f(x) = 6*x**3 - 26*x**2 - 14*x + 10. Calculate the remainder when 995 is divided by f(5).
35
Suppose 3*f - 8*f + 10 = 0. Let r = -46 - -59. Suppose 0 = r*v - 2*v - 55. What is the remainder when v is divided by f?
1
Suppose 247 = -3*r + 259. What is the remainder when r/((3 + 0)*(-3)/(-18)) is divided by (8/(-5))/(2/(-5))?
0
Suppose -571*l + 13824 = -10158. Calculate the remainder when 137 is divided by l.
11
Calculate the remainder when (-228)/342 - 860/(-3) is divided by 8.
6
Let u(w) = 21*w**2 - 6*w + 3. Let m be u(4). Let d = 347 - m. Calculate the remainder when d is divided by 22.
10
Suppose -3*b = -5*l - 191, 2*b 